{"version":"1.0","provider_name":"Litografi Vesuviani","provider_url":"https:\/\/www.litografivesuviani.com\/main","author_name":"lito","author_url":"https:\/\/www.litografivesuviani.com\/main\/author\/lito\/","title":"Mostra fotografica Aletheia - Litografi Vesuviani","type":"rich","width":600,"height":338,"html":"<blockquote class=\"wp-embedded-content\" data-secret=\"vY1wQKkpdD\"><a href=\"https:\/\/www.litografivesuviani.com\/main\/mostra-fotografica-aletheia\/\">Mostra fotografica Aletheia<\/a><\/blockquote><iframe sandbox=\"allow-scripts\" security=\"restricted\" src=\"https:\/\/www.litografivesuviani.com\/main\/mostra-fotografica-aletheia\/embed\/#?secret=vY1wQKkpdD\" width=\"600\" height=\"338\" title=\"&#8220;Mostra fotografica Aletheia&#8221; &#8212; Litografi Vesuviani\" data-secret=\"vY1wQKkpdD\" frameborder=\"0\" marginwidth=\"0\" marginheight=\"0\" scrolling=\"no\" class=\"wp-embedded-content\"><\/iframe><script>\n\/*! This file is auto-generated *\/\n!function(d,l){\"use strict\";l.querySelector&&d.addEventListener&&\"undefined\"!=typeof URL&&(d.wp=d.wp||{},d.wp.receiveEmbedMessage||(d.wp.receiveEmbedMessage=function(e){var t=e.data;if((t||t.secret||t.message||t.value)&&!\/[^a-zA-Z0-9]\/.test(t.secret)){for(var s,r,n,a=l.querySelectorAll('iframe[data-secret=\"'+t.secret+'\"]'),o=l.querySelectorAll('blockquote[data-secret=\"'+t.secret+'\"]'),c=new RegExp(\"^https?:$\",\"i\"),i=0;i<o.length;i++)o[i].style.display=\"none\";for(i=0;i<a.length;i++)s=a[i],e.source===s.contentWindow&&(s.removeAttribute(\"style\"),\"height\"===t.message?(1e3<(r=parseInt(t.value,10))?r=1e3:~~r<200&&(r=200),s.height=r):\"link\"===t.message&&(r=new URL(s.getAttribute(\"src\")),n=new URL(t.value),c.test(n.protocol))&&n.host===r.host&&l.activeElement===s&&(d.top.location.href=t.value))}},d.addEventListener(\"message\",d.wp.receiveEmbedMessage,!1),l.addEventListener(\"DOMContentLoaded\",function(){for(var e,t,s=l.querySelectorAll(\"iframe.wp-embedded-content\"),r=0;r<s.length;r++)(t=(e=s[r]).getAttribute(\"data-secret\"))||(t=Math.random().toString(36).substring(2,12),e.src+=\"#?secret=\"+t,e.setAttribute(\"data-secret\",t)),e.contentWindow.postMessage({message:\"ready\",secret:t},\"*\")},!1)))}(window,document);\n\/\/# sourceURL=https:\/\/www.litografivesuviani.com\/main\/wp-includes\/js\/wp-embed.min.js\n<\/script>\n","thumbnail_url":"https:\/\/www.litografivesuviani.com\/main\/wp-content\/uploads\/2022\/04\/IMG_1652-scaled.jpg","thumbnail_width":2560,"thumbnail_height":1707,"description":"Altre End of Content. Mostra Fotografica ALETHEIA Festival della Fotografia Todimmagina Todi, 25\/26 settembre 2021 Il progetto fotografico ALETEIA (dal greco svelamento, verit\u00e0) nasce durante il corso professionalizzante di fotografia Guardando Abrecal, che la cooperativa promuove in collaborazione con SPAZIO BAM la BOTTEGA DELLE ARTI del maestro internazionale Antonio Manta. La competenza professionale acquisita durante il corso offre ai nostri pazienti, ai fotografi, la possibilit\u00e0 di mettere a fuoco il mondo con nuovo sguardo, il loro. Le opere realizzate sono state scelte per essere presentate ed esposte in mostra al Festival Internazionale della Fotografia Todimmagina, il quale a causa delle restrizioni imposte dalla pandemia \u00e8 stato pi\u00f9 volte rimandato. Finalmente il 25 settembre 2021 i nostri fotografi sono in viaggio per Todi (PG), presentano alla conferenza di inaugurazione la Mostra Fotografica ALETEIA, la loro mostra che rester\u00e0 esposta a Palazzo del Vignola per due settimane. I fotografi, in questo progetto fotografico, sono sia modelli che artisti, si sono reciprocamente ritratti in scambi di scatti, scambi di sguardi. I protagonisti di questo progetto hanno in comune un percorso di evoluzione e di emancipazione dal disagio mentale. Le foto raccontano corpi che portano storie, con i loro colori, luci ed ombre. Ferite e rinascite di chi scatta e di chi guarda, ove lo spettatore coglie con le emozioni, i propri colori, luci ed ombre. Durante la presentazione della mostra, i nostri fotografi hanno effettuato delle performances insieme ad altri fotografi professionisti e in collaborazione con stampatori di fama nazionale ed internazionale. Con il supporto dei nostri operatori che hanno accompagnato gli utenti ed il sostegno dei donatori che hanno aderito al progetto di crawnfunding dedicato a questo progetto, i nostri fotografi hanno partecipato ad eventi e cene organizzati a Todi per gli autori delle mostre, hanno conosciuto e si sono confrontati con personalit\u00e0 di rilievo nel campo della fotografia nazionale, in particolare hanno ricevuto di persona gli omaggi del Maestro Luigi Loretoni. Un\u2019esperienza unica, importante soprattutto sul piano dell\u2019inclusione sociale. Spostarsi dal proprio territorio, il viaggio, il pernottamento presso un albergo, pranzi e cene in ristoranti prenotati insieme a tante persone, a tanti professionisti conosciuti in loco, tutti momenti inclusivi ma con elevati livelli di stress. I nostri utenti, sono riusciti a gestire, con il supporto degli operatori, ogni momento di condivisione e di confronto. Sicuramente \u00e8 stata una importante prova, durante la quale non si \u00e8 dovuta gestire alcuna crisi in emergenza, il contenimento ed il supporto degli operatori di riferimento hanno permesso di gestire i momenti di stress e di frustrazione.&nbsp; Tutto il programma si \u00e8 svolto nell\u2019osservanza delle norme e dei protocolli di sicurezza vigenti anti contagio Covid 19. Il progetto vedr\u00e0 nuovamente le opere dei nostri fotografi esposte in altre mostre fotografiche itineranti su tutto il territorio nazionale, gi\u00e0 in programmazione\u2026.. ALETEIA: Viaggio di Rinascita L&#8217;esperienza della mostra \u00e8 stata un viaggio affascinante, una passeggiata introspettiva che ci ha portato a conoscere le nostre potenzialit\u00e0, non solo come aspiranti fotografi, ma anche come persone che sono in grado di raggiungere qualsiasi obiettivo con un pizzico di volont\u00e0 ed impegno. La complicit\u00e0 nel gruppo che si \u00e8 creata durante il percorso \u00e8 un qualcosa di indescrivibile e senza prezzo. Siamo ritornati a casa con una maggiore consapevolezza di noi stessi e del mondo che ci circonda.&nbsp; &nbsp;Michele Durante quest\u2019esperienza ho provato tante emozioni, la mostra sembrava un sogno, pi\u00f9 volte rimandata, poi \u00e8 diventata una realt\u00e0. E\u2019 stato un lungo viaggio di tante domande a cui ho trovato risposta, ho potuto riflettere sui miei lati pi\u00f9 profondi, nascosti, ora mi guardo con un nuovo sguardo, positivo, mi sento soddisfatto del lavoro svolto, di ci\u00f2 che sono riuscito a fare.&nbsp; Andrea Non avevo mai viaggiato, mai visto una mostra. Il viaggio a Todi \u00e8 stato stupendo, un percorso tutto da scoprire. Ho provato stupore nel guardare la mia immagine nelle foto esposte l\u00e0 alla mostra, mi sono riconosciuta, mi \u00e8 battuto forte il cuore. La fotografia per me \u00e8 proprio un riflesso di te stesso, \u00e8 quello che mi da emozione. Spero di poter continuare a professionalizzarmi con la macchina fotografica e che la mostra abbia un seguito, che veda altri itinerari insieme a noi. Brigida La fotografia rispecchia la nostra anima, esprime attimi di tante emozioni. Imparare ad utilizzare la macchina fotografica significa non solo imparare la tecnica, ma imparare a mettere a fuoco le proprie emozioni. A Todi ho conosciuto fotografi ed amatori, personalit\u00e0 importanti, il solo pensiero che persone da tutta Italia siano venute a Todi a visitare la nostra mostra, mi ha riempito di orgoglio perch\u00e9 significa che davvero abbiamo saputo dimostrare tutte le nostre capacit\u00e0 e le competenze acquisite.&nbsp; Sergio Presenziare alla nostra mostra a Todi, per me \u00e8 stato un viaggio di rinascita, io lo chiamo cos\u00ec, perch\u00e9 \u00e8 stata un&#8217;occasione per ritornare ad emozionarmi e finalmente per rompere quelle barriere che bloccavano&nbsp;la mia mente. Ho dimostrato a me&nbsp;stesso&nbsp;di potercela fare, di essere in grado di esprimere le mie capacit\u00e0, chiss\u00e0 forse un giorno diventer\u00f2 un fotografo provetto! Andrea La fotografia \u00e8 uno strumento comunicativo importante e potente, nell&#8217;immagine sono proiettate&nbsp;emozioni e impressioni. Apprendere quest\u2019arte mi ha consentito di guardare al mondo diversamente, di coglierne significati altri, pi\u00f9 sottili, come in un viaggio animico. La realizzazione della mostra fotografica mi ha permesso di vivere a Todi quanto questo strumento non sia solo l&#8217;articolazione di arte e scienza, ma possieda alte potenzialit\u00e0 di cogliere i significati spirituali e pi\u00f9 profondi. Questa esperienza spero, possa diventare l&#8217;esordio di un nuovo capitolo della mia vita, che mi veda come giornalista e fotoreporter. Vincenzo Ci teniamo a ringraziare la Cooperativa Litografi Vesuviani per averci permesso di&nbsp; realizzare questo progetto ed il nostro caro maestro di fotografia Antonio Manta. Un progetto che non si \u00e8 limitato soltanto a professionalizzarci nell\u2019arte della fotografia&nbsp; ma che ci ha consentito di uscire dal nostro guscio in punta di piedi e con ottimi risultati."}

Altre End of Content. Mostra Fotografica ALETHEIA Festival della Fotografia Todimmagina Todi, 25/26 settembre 2021 Il progetto fotografico ALETEIA (dal greco svelamento, verità) nasce durante il corso professionalizzante di fotografia Guardando Abrecal, che la cooperativa promuove in collaborazione con SPAZIO BAM la BOTTEGA DELLE ARTI del maestro internazionale Antonio Manta. La competenza professionale acquisita durante il corso offre ai nostri pazienti, ai fotografi, la possibilità di mettere a fuoco il mondo con nuovo sguardo, il loro. Le opere realizzate sono state scelte per essere presentate ed esposte in mostra al Festival Internazionale della Fotografia Todimmagina, il quale a causa delle restrizioni imposte dalla pandemia è stato più volte rimandato. Finalmente il 25 settembre 2021 i nostri fotografi sono in viaggio per Todi (PG), presentano alla conferenza di inaugurazione la Mostra Fotografica ALETEIA, la loro mostra che resterà esposta a Palazzo del Vignola per due settimane. I fotografi, in questo progetto fotografico, sono sia modelli che artisti, si sono reciprocamente ritratti in scambi di scatti, scambi di sguardi. I protagonisti di questo progetto hanno in comune un percorso di evoluzione e di emancipazione dal disagio mentale. Le foto raccontano corpi che portano storie, con i loro colori, luci ed ombre. Ferite e rinascite di chi scatta e di chi guarda, ove lo spettatore coglie con le emozioni, i propri colori, luci ed ombre. Durante la presentazione della mostra, i nostri fotografi hanno effettuato delle performances insieme ad altri fotografi professionisti e in collaborazione con stampatori di fama nazionale ed internazionale. Con il supporto dei nostri operatori che hanno accompagnato gli utenti ed il sostegno dei donatori che hanno aderito al progetto di crawnfunding dedicato a questo progetto, i nostri fotografi hanno partecipato ad eventi e cene organizzati a Todi per gli autori delle mostre, hanno conosciuto e si sono confrontati con personalità di rilievo nel campo della fotografia nazionale, in particolare hanno ricevuto di persona gli omaggi del Maestro Luigi Loretoni. Un’esperienza unica, importante soprattutto sul piano dell’inclusione sociale. Spostarsi dal proprio territorio, il viaggio, il pernottamento presso un albergo, pranzi e cene in ristoranti prenotati insieme a tante persone, a tanti professionisti conosciuti in loco, tutti momenti inclusivi ma con elevati livelli di stress. I nostri utenti, sono riusciti a gestire, con il supporto degli operatori, ogni momento di condivisione e di confronto. Sicuramente è stata una importante prova, durante la quale non si è dovuta gestire alcuna crisi in emergenza, il contenimento ed il supporto degli operatori di riferimento hanno permesso di gestire i momenti di stress e di frustrazione.&nbsp; Tutto il programma si è svolto nell’osservanza delle norme e dei protocolli di sicurezza vigenti anti contagio Covid 19. Il progetto vedrà nuovamente le opere dei nostri fotografi esposte in altre mostre fotografiche itineranti su tutto il territorio nazionale, già in programmazione….. ALETEIA: Viaggio di Rinascita L&#8217;esperienza della mostra è stata un viaggio affascinante, una passeggiata introspettiva che ci ha portato a conoscere le nostre potenzialità, non solo come aspiranti fotografi, ma anche come persone che sono in grado di raggiungere qualsiasi obiettivo con un pizzico di volontà ed impegno. La complicità nel gruppo che si è creata durante il percorso è un qualcosa di indescrivibile e senza prezzo. Siamo ritornati a casa con una maggiore consapevolezza di noi stessi e del mondo che ci circonda.&nbsp; &nbsp;Michele Durante quest’esperienza ho provato tante emozioni, la mostra sembrava un sogno, più volte rimandata, poi è diventata una realtà. E’ stato un lungo viaggio di tante domande a cui ho trovato risposta, ho potuto riflettere sui miei lati più profondi, nascosti, ora mi guardo con un nuovo sguardo, positivo, mi sento soddisfatto del lavoro svolto, di ciò che sono riuscito a fare.&nbsp; Andrea Non avevo mai viaggiato, mai visto una mostra. Il viaggio a Todi è stato stupendo, un percorso tutto da scoprire. Ho provato stupore nel guardare la mia immagine nelle foto esposte là alla mostra, mi sono riconosciuta, mi è battuto forte il cuore. La fotografia per me è proprio un riflesso di te stesso, è quello che mi da emozione. Spero di poter continuare a professionalizzarmi con la macchina fotografica e che la mostra abbia un seguito, che veda altri itinerari insieme a noi. Brigida La fotografia rispecchia la nostra anima, esprime attimi di tante emozioni. Imparare ad utilizzare la macchina fotografica significa non solo imparare la tecnica, ma imparare a mettere a fuoco le proprie emozioni. A Todi ho conosciuto fotografi ed amatori, personalità importanti, il solo pensiero che persone da tutta Italia siano venute a Todi a visitare la nostra mostra, mi ha riempito di orgoglio perché significa che davvero abbiamo saputo dimostrare tutte le nostre capacità e le competenze acquisite.&nbsp; Sergio Presenziare alla nostra mostra a Todi, per me è stato un viaggio di rinascita, io lo chiamo così, perché è stata un&#8217;occasione per ritornare ad emozionarmi e finalmente per rompere quelle barriere che bloccavano&nbsp;la mia mente. Ho dimostrato a me&nbsp;stesso&nbsp;di potercela fare, di essere in grado di esprimere le mie capacità, chissà forse un giorno diventerò un fotografo provetto! Andrea La fotografia è uno strumento comunicativo importante e potente, nell&#8217;immagine sono proiettate&nbsp;emozioni e impressioni. Apprendere quest’arte mi ha consentito di guardare al mondo diversamente, di coglierne significati altri, più sottili, come in un viaggio animico. La realizzazione della mostra fotografica mi ha permesso di vivere a Todi quanto questo strumento non sia solo l&#8217;articolazione di arte e scienza, ma possieda alte potenzialità di cogliere i significati spirituali e più profondi. Questa esperienza spero, possa diventare l&#8217;esordio di un nuovo capitolo della mia vita, che mi veda come giornalista e fotoreporter. Vincenzo Ci teniamo a ringraziare la Cooperativa Litografi Vesuviani per averci permesso di&nbsp; realizzare questo progetto ed il nostro caro maestro di fotografia Antonio Manta. Un progetto che non si è limitato soltanto a professionalizzarci nell’arte della fotografia&nbsp; ma che ci ha consentito di uscire dal nostro guscio in punta di piedi e con ottimi risultati.
